 5 + 4*k + k**2. Let i be z(-11). Suppose -i*t - 5*c = -25, -4*t - 2*c + 6*c = -12. What are the prime factors of t?
2
Suppose 4*d + 4 = m - 71, 5*m = -4*d + 255. List the prime factors of m.
5, 11
Let x = -25 + 28. Suppose 44 = 3*u + y - 131, -2*u + 113 = -x*y. What are the prime factors of u?
2, 29
Let u(x) = 9*x**2 - 12*x - 99. What are the prime factors of u(-9)?
2, 3, 41
Let i = 47 - 16. Suppose 2*b - 317 = -i. List the prime factors of b.
11, 13
Suppose 21*c + 5*l - 4887 = 18*c, -5*c + 8145 = -2*l. List the prime factors of c.
3, 181
Suppose 17*s = -4629 + 33002. What are the prime factors of s?
1669
Let l be 8/(-12)*369/(-6). Suppose -3*w + 4*r = -59, r - l = -w - 3*r. Let o = -23 + w. What are the prime factors of o?
2
Let o be (1 + 5/(-3))*-618. Let d = o + -258. Suppose 4*n - d = -5*t, t - 5*n - 55 = -t. What are the prime factors of t?
2, 3, 5
Let i(x) be the third derivative of 0*x + 0 + 1/6*x**3 + 2/15*x**5 + 7*x**2 + 1/12*x**4. What are the prime factors of i(-1)?
7
Let i = 209 - 106. What are the prime factors of i?
103
Let i = -2 - -7. Suppose -i*r = -71 - 34. Let a = r - -9. What are the prime factors of a?
2, 3, 5
Let y(z) = -z**2 + 4. Let w be y(0). Suppose 4*a + 3*s - 395 = 0, -a + 3*s + 514 = w*a. List the prime factors of a.
101
Let o = 282 + 425. What are the prime factors of o?
7, 101
Let t(f) = -f**2 + 16*f - 12. Let i be 24*(-1)/(0 + -1). Suppose 5*d = d + i. List the prime factors of t(d).
2, 3
Let g = -10 + 22. List the prime factors of 58/g*4*6.
2, 29
Suppose -8*i = -5*i + 45. Let d = i - -51. What are the prime factors of d?
2, 3
Suppose -1 = -4*u + 7, h - 3*u = 12. Let n(o) = o**2 + 8*o + 7. Let c be n(-7). Suppose c*v = v - h. What are the prime factors of v?
2, 3
Let p(a) = 23*a**2 + 23*a - 148. List the prime factors of p(7).
2, 3, 5, 19
Let n(u) = u**3 + 6*u**2 - 3*u - 5. Let o be n(-6). Suppose -231 = -o*t + 6*t. Suppose 6*w = t + 39. What are the prime factors of w?
2, 3
Suppose -6631 = -5*v - 2*l, 0 = -2*v - 2*l - 2*l + 2646. What are the prime factors of v?
1327
Let a be (14/(-49))/(6/(-21)). Let l(p) = 195*p**2 + p. List the prime factors of l(a).
2, 7
Suppose 5*q = -s + 722, -2*s - 2840 = -6*s - 4*q. List the prime factors of s.
7, 101
Suppose 0 = i + i - 10. Suppose i = 3*t - 4. Suppose -3*p - 6 = -0*p, -t*p = -4*v + 50. What are the prime factors of v?
11
Let k(z) be the second derivative of -z**5/20 + 19*z**4/12 - 17*z**3/6 - 7*z**2 + 8*z. Let l be k(18). Suppose 0 = w + l*w - 265. List the prime factors of w.
53
Suppose 3*k = 4*l - 138, 5*l - 96 = 4*k + 76. Let s = l - 28. Let v = 14 + s. List the prime factors of v.
2, 11
Suppose 229*c + 5880 = 234*c. List the prime factors of c.
2, 3, 7
Let d = 625 + -269. Suppose o = 5*o - d. List the prime factors of o.
89
Suppose 5*z - 7 - 13 = 0. Let k = z + -15. Let y = k - -31. List the prime factors of y.
2, 5
Suppose -o + 6*o - 1115 = -4*m, -o + m + 232 = 0. What are the prime factors of o?
227
Let k(l) = -l**2 - 11*l + 23. Let c be k(-16). List the prime factors of (c/(-6) - 1)*44/2.
11, 17
Let p = 1089 + -302. What are the prime factors of p?
787
Let o be 4*9/12 + 75. Let u = 176 - o. What are the prime factors of u?
2, 7
List the prime factors of -4 + -4 + 1270/2.
3, 11, 19
Let m(h) = 12*h**2 - 36*h + 68. What are the prime factors of m(15)?
2, 557
Let j = -123 - -304. What are the prime factors of j?
181
Let s(z) = z**2 - 2*z - 33. Let a be s(7). Suppose -8*q + 234 = a. What are the prime factors of q?
29
Let r(k) = 37*k**3 - 4*k**2 + 3*k - 1. Let s be r(2). Let f = s - 93. Suppose -4*z + 5*g + f = 0, 0 = 3*z + 3*g - 202 + 85. What are the prime factors of z?
43
Let q be (3/6)/((-6)/(-24)). Suppose -q*s + 95 = 7. List the prime factors of s.
2, 11
Suppose 233*f = 242*f - 16821. What are the prime factors of f?
3, 7, 89
Let h(f) = 9*f - 5. Let b(r) = -5*r + 2. Let q(d) = 5*b(d) + 2*h(d). Let o be q(2). Let k = o + 26. What are the prime factors of k?
2, 3
Suppose -4*r + 6286 = -7*l + 2*l, 0 = 4*r + l - 6298. What are the prime factors of r?
2, 787
Let w(t) = t**2 + 7*t + 4. Let o be w(-7). Let m be ((-2)/(-7))/(o/56). Suppose 35 = -m*d + 9*d. What are the prime factors of d?
7
Let d = 1862 - 1029. What are the prime factors of d?
7, 17
Suppose 0*o = 2*o + 5*h - 123, 0 = -3*o - 2*h + 179. Let c = 88 - o. What are the prime factors of c?
29
Let p = -46 - -59. Let a = p - -64. What are the prime factors of a?
7, 11
Let w be ((-3)/(-12))/(3/24). Suppose -5*l - m - 240 = 0, w*l - 4*l - m = 99. Let c = -29 - l. List the prime factors of c.
2, 3
Suppose -3*i + 5 + 1 = 0. Let m(y) = -5*y + 2*y - 2*y**2 + 3*y**i + 2 - 3. What are the prime factors of m(7)?
3
What are the prime factors of 35/(-2)*10160/(-50)?
2, 7, 127
Let c(v) = 8*v**3 + v**2 - 9. List the prime factors of c(4).
3, 173
Let r(v) = -v**3 + 9*v**2 - 8*v + 3. Let j be r(8). Let d(l) = -10*l**2 + 0*l**3 - 6 - 11*l + 2*l**j - l**3 + 4*l**2. List the prime factors of d(8).
2, 17
Let x = -6 + 6. Let q(u) = 2*u - 2 - 1 + x. List the prime factors of q(8).
13
Suppose 4*f - 24 = -24. Suppose 0 = 5*a + 5*l - 290, -58 = -a - f*a + 4*l. List the prime factors of a.
2, 29
Suppose 7*z - g = 2*z - 23, 35 = -5*z + 5*g. Let h be (-40*1)/z + -4. Suppose 2*y = h*y - 180. What are the prime factors of y?
3, 5
Suppose 0 = -44*h - 3793 + 26585. What are the prime factors of h?
2, 7, 37
Let d(z) = 4*z**2 - 2*z + 15. What are the prime factors of d(-9)?
3, 7, 17
Let y = -64 + 133. Let p(d) = -3*d + 1. Let w be p(-1). Suppose k - w*k = -y. What are the prime factors of k?
23
Suppose -5*j = -4*f - 43, 5*f - 7*j + 2*j + 55 = 0. Let y = f - -64. Suppose -l - l = -y. What are the prime factors of l?
2, 13
Suppose -1735 - 5643 = -14*n. What are the prime factors of n?
17, 31
Suppose 165*k - 41392 = 157*k. List the prime factors of k.
2, 13, 199
Let n(o) = 7*o**2 - 2*o + 4. Let k be n(-4). Suppose a + a = k. Suppose 10 = 2*g - b - 32, 3*g - b = a. What are the prime factors of g?
2, 5
Let z = -5422 - -10180. List the prime factors of z.
2, 3, 13, 61
Suppose -3*o + 10 = q, -4*q - 3*o + 24 = -34. Let b be (2 + -1)/(6/(-30)). Let z = q + b. What are the prime factors of z?
11
Suppose -5*r + 9711 = 4*v, 4*r = -28*v + 23*v + 7767. List the prime factors of r.
29, 67
Suppose -35*m - 3*d - 1702 = -36*m, -4*m + d = -6830. List the prime factors of m.
2, 7, 61
Let q(x) = -10 + x**3 - 4*x**3 - 4*x**3 - 7*x**2 + 6*x**3 - 14*x. What are the prime factors of q(-5)?
2, 5
Let a = 3 - -1. Suppose 0 = -4*v + 5*t - 74, -a*v - 4*t = 84 + 8. Let h = -12 - v. What are the prime factors of h?
3
Let b(f) = 13*f. Let r(l) = -3*l. Let p(m) = 3*b(m) + 12*r(m). Let v be p(1). Let g(s) = -s**2 + 5*s + 2. What are the prime factors of g(v)?
2
Suppose 3*d - 2*d = -21. Let p be d/(-6) + (-6)/(-12). Suppose -8*a + 104 = -p*a. List the prime factors of a.
2, 13
Suppose -50*h + 6637 + 15363 = 0. List the prime factors of h.
2, 5, 11
Suppose -25*b = -21*b - 24. Suppose -b*s - 21 = -87. List the prime factors of s.
11
Let u be (18/12)/(2/(-20)). Let r = u - 8. Let n = r + 79. What are the prime factors of n?
2, 7
Let k be 2/(8/(-6)) + (-4)/8. What are the prime factors of (10/(-25) - 762/20)*k?
7, 11
Suppose -9 = 15*m - 18*m. Suppose -2*p - 73 = -m*j, -j - j + 56 = -5*p. What are the prime factors of j?
23
Suppose -j = -3*j - 2. Let h = 24 - j. Suppose -116 + h = -7*a. What are the prime factors of a?
13
Suppose 7*j + 3266 = 9832. Suppose 13*g = j + 765. List the prime factors of g.
131
Let w be (104/12)/(2/21). Let y = w - 15. What are the prime factors of y?
2, 19
Let c(d) be the first derivative of 7*d**2/2 - 4*d - 4. What are the prime factors of c(8)?
2, 13
Suppose -4*m = -2*m + j + 826, -4*m - 4*j - 1648 = 0. Let i = -233 - m. What are the prime factors of i?
181
Let s(p) = -12*p. Let a be s(-1). Suppose -5*r - a = -9*r. Suppose o - 6*o + 161 = -r*t, -4*o = -3*t - 130. List the prime factors of o.
31
Let p(x) = 2*x**3 - 2*x**2 + 1 + 11*x**2 - 9*x**2 + 3*x - 3*x**2. Suppose 0 = -2*j + 3 + 3. List the prime factors of p(j).
37
Suppose -7*k - 198 - 110 = 0. Let z = k + -1. What are the prime factors of (-1500)/z*(-6)/(-4)?
2, 5
Let y = -62 - -68. List the prime factors of ((-26)/y)/((-1)/30).
2, 5, 13
Let r(z) = -2*z + 14. Let c be r(8). Let d(j) = -8*j -